[INFO] cloning repository https://github.com/leuction/raytracer
[INFO] running `Command { std: "git" "-c" "credential.helper=" "-c" "credential.helper=/workspace/cargo-home/bin/git-credential-null" "clone" "--bare" "https://github.com/leuction/raytracer" "/workspace/cache/git-repos/https%3A%2F%2Fgithub.com%2Fleuction%2Fraytracer", kill_on_drop: false }`
[INFO] [stderr] Cloning into bare repository '/workspace/cache/git-repos/https%3A%2F%2Fgithub.com%2Fleuction%2Fraytracer'...
[INFO] running `Command { std: "git" "rev-parse" "HEAD", kill_on_drop: false }`
[INFO] [stdout] c5003231379e4b90337ea2aed612c37d1de41a35
[INFO] checking leuction/raytracer against try#72f88fc4e9458f89516a0b8b0868f3718aec5b47 for pr-74989
[INFO] running `Command { std: "git" "clone" "/workspace/cache/git-repos/https%3A%2F%2Fgithub.com%2Fleuction%2Fraytracer" "/workspace/builds/worker-1/source", kill_on_drop: false }`
[INFO] [stderr] Cloning into '/workspace/builds/worker-1/source'...
[INFO] [stderr] done.
[INFO] validating manifest of git repo https://github.com/leuction/raytracer on toolchain 72f88fc4e9458f89516a0b8b0868f3718aec5b47
[INFO] running `Command { std: "/workspace/cargo-home/bin/cargo" "+72f88fc4e9458f89516a0b8b0868f3718aec5b47" "read-manifest" "--manifest-path" "Cargo.toml", kill_on_drop: false }`
[INFO] started tweaking git repo https://github.com/leuction/raytracer
[INFO] finished tweaking git repo https://github.com/leuction/raytracer
[INFO] tweaked toml for git repo https://github.com/leuction/raytracer written to /workspace/builds/worker-1/source/Cargo.toml
[INFO] crate git repo https://github.com/leuction/raytracer already has a lockfile, it will not be regenerated
[INFO] running `Command { std: "/workspace/cargo-home/bin/cargo" "+72f88fc4e9458f89516a0b8b0868f3718aec5b47" "fetch" "--locked" "--manifest-path" "Cargo.toml", kill_on_drop: false }`
[INFO] running `Command { std: "docker" "create" "-v" "/var/lib/crater-agent-workspace/builds/worker-1/target:/opt/rustwide/target:rw,Z" "-v" "/var/lib/crater-agent-workspace/builds/worker-1/source:/opt/rustwide/workdir:ro,Z" "-v" "/var/lib/crater-agent-workspace/cargo-home:/opt/rustwide/cargo-home:ro,Z" "-v" "/var/lib/crater-agent-workspace/rustup-home:/opt/rustwide/rustup-home:ro,Z" "-e" "SOURCE_DIR=/opt/rustwide/workdir" "-e" "CARGO_TARGET_DIR=/opt/rustwide/target" "-e" "CARGO_HOME=/opt/rustwide/cargo-home" "-e" "RUSTUP_HOME=/opt/rustwide/rustup-home" "-w" "/opt/rustwide/workdir" "-m" "1610612736" "--user" "0:0" "--network" "none" "rustops/crates-build-env@sha256:d92eaeed33fa75130ca1ee6c8a01d1ffb62bac859dfdfb3450e3e5d1c0146529" "/opt/rustwide/cargo-home/bin/cargo" "+72f88fc4e9458f89516a0b8b0868f3718aec5b47" "metadata" "--no-deps" "--format-version=1", kill_on_drop: false }`
[INFO] [stdout] d0679b33187cdf42df74cebf6acb8d842c3be993d0140c627bfbd16e3f3560e2
[INFO] [stderr] WARNING: Your kernel does not support swap limit capabilities or the cgroup is not mounted. Memory limited without swap.
[INFO] running `Command { std: "docker" "start" "-a" "d0679b33187cdf42df74cebf6acb8d842c3be993d0140c627bfbd16e3f3560e2", kill_on_drop: false }`
[INFO] running `Command { std: "docker" "inspect" "d0679b33187cdf42df74cebf6acb8d842c3be993d0140c627bfbd16e3f3560e2", kill_on_drop: false }`
[INFO] running `Command { std: "docker" "rm" "-f" "d0679b33187cdf42df74cebf6acb8d842c3be993d0140c627bfbd16e3f3560e2", kill_on_drop: false }`
[INFO] [stdout] d0679b33187cdf42df74cebf6acb8d842c3be993d0140c627bfbd16e3f3560e2
[INFO] running `Command { std: "docker" "create" "-v" "/var/lib/crater-agent-workspace/builds/worker-1/target:/opt/rustwide/target:rw,Z" "-v" "/var/lib/crater-agent-workspace/builds/worker-1/source:/opt/rustwide/workdir:ro,Z" "-v" "/var/lib/crater-agent-workspace/cargo-home:/opt/rustwide/cargo-home:ro,Z" "-v" "/var/lib/crater-agent-workspace/rustup-home:/opt/rustwide/rustup-home:ro,Z" "-e" "SOURCE_DIR=/opt/rustwide/workdir" "-e" "CARGO_TARGET_DIR=/opt/rustwide/target" "-e" "CARGO_INCREMENTAL=0" "-e" "RUST_BACKTRACE=full" "-e" "RUSTFLAGS=--cap-lints=forbid" "-e" "CARGO_HOME=/opt/rustwide/cargo-home" "-e" "RUSTUP_HOME=/opt/rustwide/rustup-home" "-w" "/opt/rustwide/workdir" "-m" "1610612736" "--user" "0:0" "--network" "none" "rustops/crates-build-env@sha256:d92eaeed33fa75130ca1ee6c8a01d1ffb62bac859dfdfb3450e3e5d1c0146529" "/opt/rustwide/cargo-home/bin/cargo" "+72f88fc4e9458f89516a0b8b0868f3718aec5b47" "check" "--frozen" "--all" "--all-targets" "--message-format=json", kill_on_drop: false }`
[INFO] [stdout] a06d1865d1a114fd794edd4c4cbe04e2bfb27c3e826cff02841bafc1f9dce5e1
[INFO] [stderr] WARNING: Your kernel does not support swap limit capabilities or the cgroup is not mounted. Memory limited without swap.
[INFO] running `Command { std: "docker" "start" "-a" "a06d1865d1a114fd794edd4c4cbe04e2bfb27c3e826cff02841bafc1f9dce5e1", kill_on_drop: false }`
[INFO] [stderr]    Compiling autocfg v0.1.7
[INFO] [stderr]    Compiling arrayvec v0.4.12
[INFO] [stderr]     Checking nodrop v0.1.14
[INFO] [stderr]    Compiling proc-macro2 v1.0.6
[INFO] [stderr]     Checking scopeguard v1.0.0
[INFO] [stderr]    Compiling rayon-core v1.6.0
[INFO] [stderr]    Compiling unicode-xid v0.2.0
[INFO] [stderr]    Compiling syn v1.0.5
[INFO] [stderr]     Checking either v1.5.3
[INFO] [stderr]     Checking bitflags v0.7.0
[INFO] [stderr]     Checking inflate v0.1.1
[INFO] [stderr]     Checking lzw v0.10.0
[INFO] [stderr]     Checking crossbeam-utils v0.6.6
[INFO] [stderr]     Checking num_cpus v1.10.1
[INFO] [stderr]    Compiling memoffset v0.5.1
[INFO] [stderr]     Checking deflate v0.7.20
[INFO] [stderr]     Checking gif v0.9.2
[INFO] [stderr]     Checking crossbeam-queue v0.1.2
[INFO] [stderr]    Compiling num-traits v0.2.8
[INFO] [stderr]    Compiling num-integer v0.1.41
[INFO] [stderr]    Compiling num-iter v0.1.39
[INFO] [stderr]     Checking crossbeam-epoch v0.7.2
[INFO] [stderr]    Compiling quote v1.0.2
[INFO] [stderr]     Checking crossbeam-deque v0.7.1
[INFO] [stderr]     Checking num-traits v0.1.43
[INFO] [stderr]     Checking rayon v1.2.0
[INFO] [stderr]     Checking enum_primitive v0.1.1
[INFO] [stderr]     Checking num-rational v0.1.42
[INFO] [stderr]     Checking png v0.6.2
[INFO] [stderr]     Checking jpeg-decoder v0.1.16
[INFO] [stderr]     Checking image v0.12.4
[INFO] [stderr]    Compiling serde_derive v1.0.101
[INFO] [stderr]     Checking serde v1.0.101
[INFO] [stderr]     Checking raytracer v0.1.0 (/opt/rustwide/workdir)
[INFO] [stdout] error[E0106]: missing lifetime specifier
[INFO] [stdout]   --> src/vector.rs:51:8
[INFO] [stdout]    |
[INFO] [stdout] 51 |     D: Deserializer,
[INFO] [stdout]    |        ^^^^^^^^^^^^ expected named lifetime parameter
[INFO] [stdout]    |
[INFO] [stdout] help: consider introducing a named lifetime parameter
[INFO] [stdout]    |
[INFO] [stdout] 49 |   pub fn deserialize_normalized<'a, D>(deserializer: D) -> Result<Vector3, D::Error>
[INFO] [stdout] 50 |   where
[INFO] [stdout] 51 |     D: Deserializer<'a>,
[INFO] [stdout]    |
[INFO] [stdout] 
[INFO] [stdout] 
[INFO] [stdout] error[E0106]: missing lifetime specifier
[INFO] [stdout]   --> src/vector.rs:51:8
[INFO] [stdout]    |
[INFO] [stdout] 51 |     D: Deserializer,
[INFO] [stdout]    |        ^^^^^^^^^^^^ expected named lifetime parameter
[INFO] [stdout]    |
[INFO] [stdout] help: consider introducing a named lifetime parameter
[INFO] [stdout]    |
[INFO] [stdout] 49 |   pub fn deserialize_normalized<'a, D>(deserializer: D) -> Result<Vector3, D::Error>
[INFO] [stdout] 50 |   where
[INFO] [stdout] 51 |     D: Deserializer<'a>,
[INFO] [stdout]    |
[INFO] [stdout] 
[INFO] [stdout] 
[INFO] [stdout] error[E0599]: no method named `normalize` found for struct `Vector3` in the current scope
[INFO] [stdout]   --> src/vector.rs:54:11
[INFO] [stdout]    |
[INFO] [stdout] 6  | pub struct Vector3 {
[INFO] [stdout]    | ------------------ method `normalize` not found for this
[INFO] [stdout] ...
[INFO] [stdout] 54 |     Ok(v3.normalize())
[INFO] [stdout]    |           ^^^^^^^^^ help: there is an associated function with a similar name: `normlize`
[INFO] [stdout] 
[INFO] [stdout] 
[INFO] [stdout] error[E0599]: no method named `normalize` found for struct `Vector3` in the current scope
[INFO] [stdout]   --> src/vector.rs:54:11
[INFO] [stdout]    |
[INFO] [stdout] 6  | pub struct Vector3 {
[INFO] [stdout]    | ------------------ method `normalize` not found for this
[INFO] [stdout] ...
[INFO] [stdout] 54 |     Ok(v3.normalize())
[INFO] [stdout]    |           ^^^^^^^^^ help: there is an associated function with a similar name: `normlize`
[INFO] [stdout] 
[INFO] [stdout] 
[INFO] [stdout] error: aborting due to 2 previous errors
[INFO] [stdout] 
[INFO] [stdout] 
[INFO] [stdout] error: aborting due to 2 previous errors
[INFO] [stdout] 
[INFO] [stdout] 
[INFO] [stdout] Some errors have detailed explanations: E0106, E0599.
[INFO] [stdout] 
[INFO] [stdout] For more information about an error, try `rustc --explain E0106`.
[INFO] [stdout] 
[INFO] [stdout] Some errors have detailed explanations: E0106, E0599.
[INFO] [stdout] 
[INFO] [stdout] For more information about an error, try `rustc --explain E0106`.
[INFO] [stdout] 
[INFO] [stderr] error: could not compile `raytracer`.
[INFO] [stderr] 
[INFO] [stderr] To learn more, run the command again with --verbose.
[INFO] [stderr] warning: build failed, waiting for other jobs to finish...
[INFO] [stderr] error: build failed
[INFO] running `Command { std: "docker" "inspect" "a06d1865d1a114fd794edd4c4cbe04e2bfb27c3e826cff02841bafc1f9dce5e1", kill_on_drop: false }`
[INFO] running `Command { std: "docker" "rm" "-f" "a06d1865d1a114fd794edd4c4cbe04e2bfb27c3e826cff02841bafc1f9dce5e1", kill_on_drop: false }`
[INFO] [stdout] a06d1865d1a114fd794edd4c4cbe04e2bfb27c3e826cff02841bafc1f9dce5e1
